9
Let r = -10 + 29. Calculate the highest common divisor of 152 and r.
19
Let q be -4 + 6 + 1 - -16. Suppose 3*x - q = -n + 1, -5*x + 40 = 3*n. What is the greatest common factor of x and 5?
5
Let r(v) = -v**3 + 12*v. Let h be r(-6). Calculate the highest common factor of 18 and h.
18
Let l be 28/(-8)*(-12)/7. Calculate the highest common divisor of 3 and l.
3
Let h(y) = 9*y - 3. Let c(l) = l**2 - 11*l - 5. Let f be c(12). Let i be h(f). Calculate the highest common factor of 24 and i.
12
Let x be 16 - 0/(5 - 9). Calculate the highest common factor of 16 and x.
16
Suppose 0*l - 5*l = 0. Suppose -8 = -t - l. Let h = 131 - 91. Calculate the highest common factor of h and t.
8
Suppose 2*f - 30 = -4*a, 4*a - 8 = -5*f + 19. Let q = -2 + a. What is the greatest common factor of 2 and q?
2
Let l = -7 - 4. Let d = 24 + l. Calculate the highest common factor of 143 and d.
13
Let g be (-8)/48 + 230/12. Let l = -6 + g. Calculate the highest common divisor of 39 and l.
13
Let o = -43 + 67. Let c = 8 + 8. Calculate the greatest common factor of o and c.
8
Suppose 273 = 3*k - 123. Let h = 136 - 82. Suppose h = 3*j + 18. Calculate the highest common factor of j and k.
12
Let h = -37 - -91. Calculate the greatest common divisor of 6 and h.
6
Let s(q) = 2*q**2 + 7*q - 13. Let h be s(-7). What is the greatest common divisor of 9 and h?
9
Let u = -70 - -96. What is the greatest common factor of u and 39?
13
Suppose -5*b + 38 = -s, -2*b - 2*s - 4 = -12. Calculate the highest common factor of b and 7.
7
Let p = 195 + -129. Calculate the greatest common factor of p and 44.
22
Let w = 553 + -353. Let s be (11 - 7)*(-125)/(-20). Calculate the highest common factor of s and w.
25
Let n = 12 - -5. Calculate the greatest common factor of 1 and n.
1
Let q = -46 - -106. Calculate the greatest common factor of 150 and q.
30
Suppose g = f + f - 2, -f - 3*g + 8 = 0. What is the highest common factor of 14 and f?
2
Let m = -2 + 7. Calculate the highest common divisor of 55 and m.
5
Let v = -43 - -148. What is the highest common divisor of 42 and v?
21
Let f be (2 - (-3)/2)*2. Let p be ((-18)/f)/((-1)/7). Let z be 302/p - 8/(-36). Calculate the highest common factor of z and 85.
17
Suppose -u + 12 = 3*y, 4*y + 18 = -3*u + 74. Let t be (-15)/(-20)*u/3. What is the highest common factor of 18 and t?
6
Let x be (16/(-10))/((-4)/440). Let i be 2 - 0 - 180/(-9). Calculate the greatest common factor of x and i.
22
Let y be 2/5 + 154/(-10). Let c be (-9)/(y/(-24) + -1). Calculate the highest common factor of c and 36.
12
Let y = -132 + 209. Let s be 8 + (3 - 4)*1. Calculate the highest common factor of y and s.
7
Let w = 27 + -7. Let o be 8/3*225/w. Calculate the highest common divisor of 12 and o.
6
Suppose -1318 + 340 = -6*u. Let j = -37 + u. Calculate the greatest common factor of 14 and j.
14
Let m be 39/(-2)*48/(-18). What is the greatest common divisor of 130 and m?
26
Let t be ((-12)/18)/(4/6). Let r be 4 - (-6)/(3/t). Suppose -r*i - 3*i = -65. Calculate the greatest common divisor of 117 and i.
13
Let n be -7*(-2 - (-9)/7). What is the highest common divisor of 95 and n?
5
Suppose -8*w + w = -42. What is the greatest common factor of w and 4?
2
Let r(n) = -n**3 - 8*n**2 + 8. Let v(d) = d**3 - d**2 - d - 8. Let h be v(0). Let f be r(h). What is the highest common divisor of 40 and f?
8
Suppose 2*l - 173 = 135. Suppose l + 196 = 5*i. What is the highest common divisor of i and 14?
14
Suppose -n + 6*n = 325. Calculate the highest common factor of 26 and n.
13
Let y(v) = 3*v + 31. Let c be y(-9). Suppose -2*g - g = 0. Suppose g = -3*l + 5*q + 53, -2*l = -6*l - 3*q + 61. What is the highest common divisor of l and c?
4
Suppose y + 4*k = 18, 5*k = y + 12 + 6. Suppose -s + y + 4 = 0. Let b = s - -1. What is the greatest common factor of 21 and b?
7
Suppose 7*q - 19 = 37. Calculate the greatest common factor of 16 and q.
8
Let c = 60 + -40. What is the greatest common factor of 160 and c?
20
Suppose i = 11 - 2. Suppose -4*a + 6*o - 4*o = -98, 0 = -3*o + 15. Calculate the greatest common divisor of a and i.
9
Let m(r) = -6*r**3 + 2*r**3 + 3*r**3 + 8*r**2 + 2. Let p be m(8). Suppose -1 = -p*v + 23. What is the greatest common divisor of 3 and v?
3
Let z be ((-138)/4)/(21/(-28)). What is the greatest common factor of 115 and z?
23
Let g = -9 - -45. Let v be (4 + -5)/((-2)/12). Let t be 15/v*6*6. Calculate the highest common divisor of g and t.
18
Let f(l) = -3*l**3 - 2*l**2 + 3*l + 3. Let d be f(-2). Calculate the greatest common factor of 13 and d.
13
Let r(i) = -7*i - 9. Let v be r(-2). What is the highest common divisor of 15 and v?
5
Let c = -1 - -5. Suppose -4*f - 15 = -f, 46 = 2*i - c*f. What is the greatest common divisor of i and 13?
13
Let g = -3 + 3. Suppose 0 = -5*n + 5*d + 100, g*d + 46 = 3*n + 4*d. What is the highest common factor of n and 18?
18
Suppose 3*r - 7*r = -2*u - 122, 2*r - 2*u - 62 = 0. Let s be 1/(-5) - (-636)/r. What is the highest common divisor of s and 42?
21
Let z = -55 + 300. Suppose 0 = o + 4 + 1, 0 = 3*g + 2*o - z. Suppose -3 + 9 = 2*k, -5*k = 5*j - 100. What is the highest common divisor of g and j?
17
Suppose -w + 2 + 0 = 0. Suppose -w*k + 0 = -4*u + 16, 3*k + 4 = 2*u. Suppose -z - 17 = 2*z + 5*j, j + 9 = u*z. Calculate the highest common factor of 11 and z.
1
Suppose 0*r = 5*r - 750. Calculate the highest common factor of 60 and r.
30
Suppose 10*q - 506 = -3*o + 5*q, 0 = 5*o - 2*q - 895. Suppose 0 = 3*u - 39 - o. Suppose -h + u = h. Calculate the highest common divisor of h and 24.
12
Let n be -20*(3/(-6) + 0). Let j = -6 + n. What is the greatest common factor of 20 and j?
4
Let x(i) = -i**2 + 6*i + 11. Let t be x(7). Calculate the highest common divisor of t and 4.
4
Let i(k) = 4 - 6 + 13*k + 2. Let v be i(3). What is the highest common factor of v and 26?
13
Let u be (-6)/45 + (1 - (-17)/15). Calculate the greatest common divisor of u and 2.
2
Let b be (3 - (-5 - -1))*1. What is the greatest common factor of b and 7?
7
Suppose 4*c - 4 = -4*v - 0*c, 14 = 2*v - c. Calculate the highest common divisor of 35 and v.
5
Let r = 336 + -237. Calculate the greatest common factor of 11 and r.
11
Let z = -29 + 32. What is the greatest common divisor of z and 2?
1
Suppose -2*s = -0*s. Suppose 0 = -s*p - 5*p + 30. Let x be 6/8 + 0 + 57/4. What is the greatest common divisor of p and x?
3
Let p(d) = d**3 - 6*d**2 + 4*d - 9. Let a be p(6). Calculate the greatest common divisor of a and 30.
15
Suppose -f - 8 = -5*f. Suppose -3*b = f*b - 940. Suppose 0 = -5*d + 5*h + 250, 3*d + 5*h = b - 38. What is the highest common divisor of d and 20?
10
Let f = 7 + -2. Suppose b - 3 = -2*w + 5*w, 0 = 4*w. Suppose 6*y - 11 = 3*y + 4*p, b*y - 10 = 5*p. Calculate the greatest common divisor of y and f.
5
Suppose -2*n + 14 = -0. Suppose 4*u - 36 = 4*l, -u - n*l + 4*l = 7. Let a = -27 + 47. What is the greatest common divisor of u and a?
5
Suppose 0*f - f = 11. Let r be (-1)/(-3) + f/(-3). Suppose 0 = r*g - 119 - 101. Calculate the greatest common divisor of 11 and g.
11
Let h = 80 - 44. Suppose 0 = -5*f + h - 6. Calculate the highest common divisor of 15 and f.
3
Let c = -23 + 16. Let r(f) = 0*f + 8 - f**3 - 4*f - 7*f**2 + 0 + 3*f. Let b be r(c). Calculate the highest common factor of 15 and b.
15
Let l be -15 + 17 - (0 + -7*37). Calculate the highest common factor of 29 and l.
29
Suppose 0 = -27*v + 282 + 582. What is the greatest common factor of 144 and v?
16
Suppose 9 - 99 = -6*v. Let d be 0 - -1 - (-77 + 3). What is the greatest common divisor of d and v?
15
Suppose -d - 313 = 2*h, -14 - 11 = 5*d. Let m = h - -217. What is the greatest common factor of m and 21?
21
Let t(r) = 6*r - 4. Let g be t(9). Let k = 29 + -9. Calculate the highest common factor of k and g.
10
Suppose 0*h - 3*h = 54. Let l = h - -37. What is the highest common divisor of l and 57?
19
Let r be 20/(-6)*(-6)/4. Suppose -r*c + 119 = y, -4*c - 740 = -y - 4*y. Calculate the highest common factor of y and 24.
24
Let t(p) = 5*p**2 + 3. Let i be t(2). Calculate the greatest common factor of 23 and i.
23
Suppose 5*d = -u - 18, 0*d = 5*u - d - 14. Let b be (44/(-5))/(-6 - (-84)/15). What is the greatest common divisor of u and b?
2
Let l(x) = -x**3 + 3*x**2 + 2*x - 4. Let i be l(3). Let c be (9/i)/(4/24). Let